 m(c).
13
Let a = -1767 - -1767. Let l(c) = -c**2 + 24. What is l(a)?
24
Let x(q) = -25*q + 5. Let r = 1780 - 1778. Calculate x(r).
-45
Let f(d) be the first derivative of -2 - 1/4*d**4 - 5*d - 5/3*d**3 - 2*d**2. Suppose 1965*n - 1955*n + 40 = 0. What is f(n)?
-5
Suppose 4*i + 24 = -2*g + 6*g, -5*g = 2*i - 2. Let n(u) = 3*u**2 - 1 + 0 + 4*u**2 - g*u - 4*u**2. Let q be 72/54 - (2/6 - 1). Give n(q).
7
Let a(h) = -48*h + 1. Let x(z) = 17*z. Let w(k) = -4*a(k) - 11*x(k). Let t(d) = -d + 2. Let o be t(0). Let v be 23/7 + o/(-7). Calculate w(v).
11
Let z be 34/10 - 20/50. Let p(r) = -z*r + 11*r - r. Suppose -k + 10 - 11 = 0. Give p(k).
-7
Suppose 21 = 5*a - 4, 4*a - 30 = 5*j. Let u(q) = -1 + 37*q**2 - 19*q**2 + 3 - q**3 - q - 20*q**2. Give u(j).
4
Let n(w) = 4*w - 1. Let g(s) = 7*s - 1. Let i(o) = 3*g(o) - 5*n(o). Let k(j) = 5*j**2 + 2*j - 5. Let x be k(-3). Let z = 34 - x. Calculate i(z).
2
Let m(h) = -3*h + 21*h + 5 - 5*h - 15*h. What is m(-4)?
13
Let i(m) = -m**2 + m + 2. Let u = 21 + -11. Let w = u + 2. Let v = w + -12. What is i(v)?
2
Let n(g) = -g**3 - 11*g**2 - 13*g - 24. Let t(j) = 11*j**3 - 3*j - 2. Let c be t(-1). Calculate n(c).
6
Let l be 1/3 + -9 + (-87)/(-9). Let g(i) = 26*i**2 + 5*i + 3. Let r(m) = -17*m**2 - 3*m - 2. Let b(z) = -5*g(z) - 8*r(z). Determine b(l).
6
Let a(v) = -7*v**2 + 13*v - 23. Let g(t) = -16*t**2 + 27*t - 47. Let j(c) = -7*a(c) + 3*g(c). Calculate j(8).
4
Let x(c) = -6*c - 2. Let b = 67 + -63. Let i(w) = 5*w + 5. Let s(v) = 1. Let q(a) = i(a) - 2*s(a). Let l(h) = b*q(h) + 6*x(h). Determine l(1).
-16
Let l(a) = -4*a + 15. Let i(c) = -4*c + 20. Let o(d) = 3*i(d) - 4*l(d). What is o(-3)?
-12
Let x(p) be the second derivative of p**5/20 + p**4/6 - p**3/6 - p**2/2 + 31*p. What is x(-4)?
-29
Let y(g) be the third derivative of g**6/120 + 7*g**5/60 - g**4/6 - 5*g**3/2 - g**2 + 59. Give y(-7).
13
Let n(q) = -q + 4. Suppose -2*v + 13 = -9. Let k be ((-33)/v)/((-3)/(-4)). Determine n(k).
8
Let t(a) = a. Let p be t(3). Suppose -2*o = -o + p*o. Let j(y) be the second derivative of y**3/6 + y**2 + y. Calculate j(o).
2
Let i(t) = -t**3 + 10*t**2 - 9*t - 56. Let o be i(8). Let j(f) be the second derivative of -2/3*f**3 + o + 1/12*f**4 + 1/2*f**2 - 6*f. What is j(2)?
-3
Let o = 4 - 1. Let k be o/6 + (-5)/(-2). Let b(u) = 1 - 7*u**k - 1 + 1. Give b(-1).
8
Let y(d) = -1080*d**2 - 1 + 539*d**2 + 543*d**2. Calculate y(2).
7
Let o(w) be the second derivative of -w**3/3 - 3*w**2 - 142*w. Determine o(8).
-22
Let y(j) = j**2 - 6*j - 5. Let s be (-1)/((6/13)/(-6)). Let o(r) = r**3 - 3*r**2 + r + 3. Let a be o(3). Let c = s - a. Determine y(c).
2
Let h(f) be the second derivative of -19*f - 1/6*f**3 + 0 + 0*f**2. Calculate h(-2).
2
Let s(i) be the second derivative of -i**7/840 + i**6/240 - i**5/60 + i**4/12 - 8*i. Let v(j) be the third derivative of s(j). What is v(2)?
-8
Let m(c) = -c**3 + 10*c**2 - 9*c + 2. Let a be m(9). Let f(s) = -s - s**3 - 3*s**2 + 10*s**2 - 4*s - a*s**2. Determine f(4).
-4
Let k(h) = h**3 - h - 1. Let m be k(-1). Let g(l) = 14*l + 5. Let u(t) = -5*t - 1. Let d(z) = g(z) + 4*u(z). What is d(m)?
7
Let d(v) = -3*v**3 - 2*v**2 - 2*v - 3. Suppose 0 = 106*w - 123*w - 34. Calculate d(w).
17
Let j(k) = 7 - 6*k + 0*k + 5 + 8*k + 2. Calculate j(-6).
2
Let q(l) = 54*l - 15*l + l**2 - 40*l + 1. What is q(0)?
1
Let p(j) = j**3 + 6*j**2 - 7*j + 10. Suppose 0 = -8*v - 12 - 44. What is p(v)?
10
Suppose 0 = 2*x + x + 4*c - 10, -2*x - 5*c = -9. Let j = 7 + -4. Let b(q) = q**3 + 0*q**j + 2*q**2 + q + 2 - 3*q**3. Calculate b(x).
-4
Let a(m) = -4*m**3 - 7*m**2 - 19*m + 5. Let p(c) = 3*c**3 + 5*c**2 + 13*c - 3. Let f(r) = 5*a(r) + 7*p(r). What is f(3)?
19
Let j(n) be the first derivative of n**3/3 - 3*n**2 + 8*n - 115. Give j(3).
-1
Let g(n) = -3*n**3 - 11*n**2 + 5*n + 13. Suppose 7 = 5*m + 32. Let r(x) = -4*x**3 - 16*x**2 + 7*x + 19. Let t(j) = m*r(j) + 7*g(j). What is t(3)?
-4
Let j be (-6)/(-2) - (0 - (-8)/(-2)). Let t(v) = -1 + 418*v - 417*v - 16 + 4. Determine t(j).
-6
Let y(w) = 6*w**3 - w - 1. Let c = -30 - -32. Suppose 6*m + d - 1 = c*m, 0 = 3*d - 15. Determine y(m).
-6
Let j(q) = -q + 13. Let l(a) be the second derivative of -a**3/3 + 13*a**2 - 5*a. Let m(y) = -13*j(y) + 6*l(y). Give m(7).
-6
Let m(b) = -4*b + 6. Suppose -29*l = -22*l - 42. Calculate m(l).
-18
Let x(k) be the second derivative of k**4/12 + 23*k**3/6 + 5*k**2 - 302*k. Calculate x(-23).
10
Let z(i) = 7*i**3 + 7*i**2 - 6*i + 7. Let c = -121 - -115. Let n(f) = -8*f**3 - 8*f**2 + 7*f - 8. Let d(h) = c*n(h) - 7*z(h). Give d(-3).
17
Let z(g) = -5*g**2 - 12*g + 4. Let f(b) = -15*b**2 - 32*b + 11. Let s(l) = -3*f(l) + 8*z(l). Give s(-1).
4
Let r(z) be the first derivative of z**2/2 + 6*z + 1. Let u = 6234 + -6239. Calculate r(u).
1
Let f = -57 + 58. Let p(g) = 5*g**2 + 1. Give p(f).
6
Let o(u) = -u**2 + 3*u - 5. Let s be (28/(-16) - -1)*64. Let i be (s/(-60))/((-2)/(-25)). Suppose 4*w - 6 = i. Give o(w).
-9
Suppose 2*t + 7 = 31. Let i be ((-18)/t)/(3/(-6)). Let d(n) = 4*n**3 + 40*n - 32*n - 7*n**2 - i*n**3. Calculate d(6).
12
Let u = -9 + 4. Let l(k) = -15*k - 711. Let r(i) = 6*i + 296. Let s(f) = -5*l(f) - 12*r(f). Calculate s(u).
-12
Let c(l) = 2*l - 27. Let s be c(17). Suppose k = -4*z + s, z + 3*k - 1 - 9 = 0. Let m(r) = 6*r**2 + r - 1. What is m(z)?
6
Let m = 144 + -148. Let t(n) = -n**3 - 4*n**2 - n - 2. What is t(m)?
2
Let h(p) = 13*p - 9. Let t(k) = 14*k - 11. Let f(i) = -5*h(i) + 4*t(i). Determine f(2).
-17
Let z be ((-183)/(-122))/(1 - 13/16). Let w(n) = -2*n + 6. Give w(z).
-10
Let b = 17 + -15. Let d(g) be the second derivative of g**3/6 - g**2/2 + 3*g. Let m(a) = -8. Let u(k) = b*d(k) - m(k). Give u(-6).
-6
Let l = 22 + -22. Suppose u - 2*u - 4 = l. Let a(v) = -v**3 - 4*v**2 + v - 1. Calculate a(u).
-5
Let b(s) be the first derivative of 0*s - 6 + 1/2*s**2. Let i(m) = -m - 3. Let y be i(-4). Determine b(y).
1
Let r(g) = -3 - 4*g + g**3 + 2*g - 2*g + 7*g + 5*g**2. Let a = -144 - -141. Give r(a).
6
Suppose -10 = -3*u - 2*u. Let v(d) = -d**3 - 9*d**2 + 5. Let j be v(-9). Let r(s) = -s + 5*s - s + j*s**u - 2*s - s**3. Calculate r(5).
5
Let z(y) be the third derivative of y**7/2520 - y**6/144 + y**5/40 + 13*y**4/24 - 2*y**2. Let c(d) be the second derivative of z(d). Determine c(6).
9
Let v(a) = a**2 - 14*a + 17. Let r be v(13). Suppose 0 = r*h - 5*u + 49, 0*u = 5*h - 4*u + 50. Let m(c) = -c. What is m(h)?
6
Let n(x) = -x**2 - 592 + 22*x - 24*x + 586 - x**3. What is n(0)?
-6
Let u = -4 - -5. Let g(r) = -24*r + 1 - 32*r + 58*r. What is g(u)?
3
Let b(z) = -155 - 152 + 306 + 9*z. Let u be (-8 - -6) + 3 + 0. Give b(u).
8
Let w(n) be the second derivative of n**7/420 + n**6/360 - 3*n**3 + 7*n. Let d(v) be the second derivative of w(v). Give d(2).
20
Suppose -k - g + 8 = -0*g, -5*k + 3*g + 24 = 0. Let m(y) = 2 - y**2 - 10*y - 2 + k*y. Give m(-3).
3
Let l(k) = -k - 8. Let m = -44 + 64. Let w = m - 40. Let u = w + 16. Calculate l(u).
-4
Let k(r) = r**3 - 7*r**2 - 7*r - 3. Let t be k(8). Let j(i) = i**2 - 1. Let x(o) = -2*o**2 + 8*o - 4. Let z(w) = -j(w) - x(w). Give z(t).
-10
Suppose -4*j - 4*c - c + 33 = 0, 4*j - 4*c + 12 = 0. Suppose -9*o - 12 = -11*o. Let i(a) = a**2 + 2 + 4*a**j - 7 + a - o*a**2. What is i(0)?
-5
Let x(h) = -2*h - 9. Let t(b) = -2*b - 8. Let n(m) = 2*t(m) - 3*x(m). Calculate n(-15).
-19
Let n(p) = p**2 + 2*p - 4. Let k(x) = 2*x**2 + 3*x - 5. Suppose 18*f - 4 = 20*f. Let q(a) = f*k(a) + 3*n(a). Give q(2).
-6
Let i(g) = 1 + 7*g + 3*g**2 - 2*g**2 - g. Suppose 2*h + 7 + 25 = 5*l, -2*h - l - 8 = 0. Determine i(h).
1
Let t be -4 + 16 + -3 + -4. Let h(i) = -12*i + 2. Determine h(t).
-58
Let s(m) be the first derivative of m**2/2 + 6*m + 1. Let r = 101 + -101. Suppose r = 31*x - 27*x. What is s(x)?
6
Let s(p) = -40*p + 237. Let x be s(6). Let n(u) = -3*u**2 + u - 2. What is n(x)?
-32
Let i(b) = b**2 - 7*b + 2. Suppose -5*y + 4*w = 23, 2*y + 0*y + 4*w - 2 = 0. Let j be 2 + 5 + 2 + y. Let k be i(j). Let p(d) = d - 2. Give p(k).
-6
Let t(d) = 4*d - 10. Suppose 2*k - 69 = 5*l - 74, 4*l + 3 = 3*k. Calculate t(l).
2
Suppose -f - 2 + 5 = 0. Suppose 4*r = -4*m + 5 + 43, -f*r = -m - 16. Let p(y) = -y**2 + 8*y - 2. What is p(r)?
5
Let j be -1 + 0 - 2*2. Let b = j + 8. Let y(h) = h**2 - 2. Let i(t) = 3*t**2 + t - 7. Let n(f) = -2*i(f) + 7*y(f). Calculate n(b).
3
L